{"id":23,"date":"2019-09-29T12:44:15","date_gmt":"2019-09-29T10:44:15","guid":{"rendered":"http:\/\/lartdelise.com\/?page_id=23"},"modified":"2019-11-03T17:53:22","modified_gmt":"2019-11-03T16:53:22","slug":"photo-lart-delise","status":"publish","type":"page","link":"https:\/\/lartdelise.com\/","title":{"rendered":""},"content":{"rendered":"\n<p>Bonjour,  je suis Elise ! <\/p>\n\n\n\n<p><\/p>\n\n\n\n<p>Apr\u00e8s 18 ann\u00e9es pass\u00e9es \u00e0 travailler dans un salon, j&rsquo;ai souhait\u00e9 relever un nouveau d\u00e9fi et me lancer dans le domicile. <\/p>\n\n\n\n<p>Je me d\u00e9place sur Marchiennes, et ses environs (Flines-lez-Raches, Bouvignies, Tilloy-Lez-Marchiennes, Warlaing, Wandignies-Hamage, Orchies, Hasnon &#8230;), et m&rsquo;adapte \u00e0 vos besoins.<\/p>\n\n\n\n<p>Contactez moi !<\/p>\n\n\n\n<div class=\"wp-block-image\"><figure class=\"aligncenter is-resized\"><img loading=\"lazy\" decoding=\"async\" src=\"http:\/\/lartdelise.com\/wp-content\/uploads\/2019\/09\/logo-carre.jpeg\" alt=\"\" class=\"wp-image-17\" width=\"395\" height=\"395\" srcset=\"https:\/\/lartdelise.com\/wp-content\/uploads\/2019\/09\/logo-carre.jpeg 790w, https:\/\/lartdelise.com\/wp-content\/uploads\/2019\/09\/logo-carre-150x150.jpeg 150w, https:\/\/lartdelise.com\/wp-content\/uploads\/2019\/09\/logo-carre-300x300.jpeg 300w, https:\/\/lartdelise.com\/wp-content\/uploads\/2019\/09\/logo-carre-768x768.jpeg 768w\" sizes=\"(max-width: 395px) 100vw, 395px\" \/><\/figure><\/div>\n\n\n\n<p><\/p>\n","protected":false},"excerpt":{"rendered":"<p>Bonjour, je suis Elise ! Apr\u00e8s 18 ann\u00e9es pass\u00e9es \u00e0 travailler dans un salon, j&rsquo;ai souhait\u00e9 relever un nouveau d\u00e9fi et me lancer dans le domicile. Je me d\u00e9place sur Marchiennes, et ses environs (Flines-lez-Raches, Bouvignies, Tilloy-Lez-Marchiennes, Warlaing, Wandignies-Hamage, Orchies, Hasnon &#8230;), et m&rsquo;adapte \u00e0 &hellip; <a href=\"https:\/\/lartdelise.com\/\" class=\"more-link\"><span>Continue reading<span class=\"screen-reader-text\"><\/span><\/span><\/a><\/p>\n","protected":false},"author":1,"featured_media":0,"parent":0,"menu_order":1,"comment_status":"closed","ping_status":"closed","template":"","meta":{"footnotes":""},"_links":{"self":[{"href":"https:\/\/lartdelise.com\/index.php\/wp-json\/wp\/v2\/pages\/23"}],"collection":[{"href":"https:\/\/lartdelise.com\/index.php\/wp-json\/wp\/v2\/pages"}],"about":[{"href":"https:\/\/lartdelise.com\/index.php\/wp-json\/wp\/v2\/types\/page"}],"author":[{"embeddable":true,"href":"https:\/\/lartdelise.com\/index.php\/wp-json\/wp\/v2\/users\/1"}],"replies":[{"embeddable":true,"href":"https:\/\/lartdelise.com\/index.php\/wp-json\/wp\/v2\/comments?post=23"}],"version-history":[{"count":9,"href":"https:\/\/lartdelise.com\/index.php\/wp-json\/wp\/v2\/pages\/23\/revisions"}],"predecessor-version":[{"id":161,"href":"https:\/\/lartdelise.com\/index.php\/wp-json\/wp\/v2\/pages\/23\/revisions\/161"}],"wp:attachment":[{"href":"https:\/\/lartdelise.com\/index.php\/wp-json\/wp\/v2\/media?parent=23"}],"curies":[{"name":"wp","href":"https:\/\/api.w.org\/{rel}","templated":true}]}}